s be l(12). Let d = w + s. Calculate the remainder when 24 is divided by d.
6
Suppose 7*j + 7 = -7. Let s = j - -35. What is the remainder when s is divided by 5?
3
Let u(s) = -s**3 + 6*s**2 + s - 6. Let d be u(6). Suppose d = 2*n + 2*n - 36. What is the remainder when 11 is divided by (-12)/n*6/(-4)?
1
Suppose -q - 9 - 4 = 0. Let n = q - -20. What is the remainder when 55 is divided by 3/(-7) - (-101)/n?
13
Let i = 274 - 196. Suppose -2*m - 4*f = -i, -m = -4*m - 5*f + 121. Suppose 6*r = r + 125. What is the remainder when m is divided by r?
22
Suppose -5*m = -m - 36. Let n(h) = 2*h**2 + 16*h + 9. Let v be n(-8). What is the remainder when m is divided by v/(-36) + (-34)/(-8)?
1
Let j(i) = -24*i - 5. Let k be j(-5). Suppose -16*h + k = -1293. What is the remainder when h is divided by 19?
12
Let t = -404 - -825. Suppose 0 = -4*q - 3*w + 52 + t, -4*q + 4*w + 508 = 0. What is the remainder when q is divided by 42?
38
Let a = -81 + 127. What is the remainder when 226 is divided by a?
42
Let f(r) = -r**3 + 24*r**2 + 6*r - 121. What is the remainder when 64 is divided by f(24)?
18
Suppose -5*s = -2*w - 273, -11*w - 5 = -16*w. Calculate the remainder when s is divided by 6/3 - 13/(-1).
10
Let b = 142 + 11. What is the remainder when b is divided by 4 + ((-2118)/(-78) - (-6)/(-39))?
29
Let l(s) = -48*s + 11. What is the remainder when l(-6) is divided by 17?
10
Suppose 170*t + 2*r = 173*t - 810, t + 2*r - 262 = 0. Calculate the remainder when t is divided by 25.
18
Suppose v = 2*v - 23. Let l(u) = 348*u + 1. Let w(f) = -87*f. Let h(k) = 2*l(k) + 9*w(k). Calculate the remainder when h(-1) is divided by v.
20
Let n be (3/(-3)*0)/(-1). Suppose 0 = 3*b - n*b - 108. What is the remainder when -5 + (-1 - -2) + (-2175)/(-15) is divided by b?
33
Let j be 108/(-10)*-1*5. Let o(v) = -2*v + 27. Let f be o(11). Suppose -3*d + f*d - j = 0. What is the remainder when d is divided by 14?
13
What is the remainder when 91 is divided by 15 - 1 - (-22 - -11)?
16
Let z = -354 - -375. Calculate the remainder when 142 is divided by z.
16
Let t = 5 - -3. Suppose -t*m + 309 = 69. What is the remainder when 89 is divided by m?
29
Let z(t) = 3*t**2 - 39*t - 33. What is the remainder when 116 is divided by z(14)?
8
Let y be (3/2)/(1/(-2)). Calculate the remainder when (-1)/y - 184/(-6) is divided by (2/(88/(-363)))/((-6)/8).
9
Let g(s) = -s**2 + 89*s + 102. Calculate the remainder when g(86) is divided by 33.
30
Let g = 1169 - 1124. Suppose 0 = 5*r - 643 - 27. Calculate the remainder when r is divided by g.
44
Let u = 17 + -13. Suppose u = -2*t, t - 116 = -2*n + 5*t. What is the remainder when n is divided by 14?
12
Let h = -187 + 211. Calculate the remainder when 91 - (3 - 5 - -4) is divided by h.
17
Let y(w) = -w**3 + 23*w**2 - 116*w - 18. Calculate the remainder when y(10) is divided by 34.
20
Let s = -60 - -59. Calculate the remainder when (2 - 24)*(s - 0)*1 is divided by -4*(-1 + (0 - 1)).
6
Let i = 33 - 31. Let a = -3 - -7. Suppose i*m + 4*o = 3*o + 21, -a*m + 2*o + 22 = 0. What is the remainder when m is divided by 3?
2
Suppose 3*u = 6*u. Let g = 3 + u. Suppose -2*s = -k + s, -2*s = -k + 2. Calculate the remainder when k is divided by g.
0
Let m = -107 + 114. What is the remainder when 30 is divided by m?
2
What is the remainder when (-3)/(-4) + 13827/44 is divided by 25?
15
Let u = 6 - 0. Let p = 151 + -108. Suppose -123 + p = -8*a. Calculate the remainder when a is divided by u.
4
Suppose 4*w = -3*o + 41, -3*o - 2*o = -3*w - 20. Suppose 4*r = h + 439, 5*h - o = -2. Suppose 0 = 3*t - r - 10. What is the remainder when 119 is divided by t?
39
Suppose 0 = -5*g - 20, 2*y - g - 4*g - 56 = 0. Let q = y + 67. Let i = q + -38. What is the remainder when i is divided by 25?
22
Suppose -433 = -16*t + 767. Calculate the remainder when 521 is divided by t.
71
Suppose -30*v + 6923 = 13*v. Calculate the remainder when v is divided by 10.
1
Let w(u) = u + 42. What is the remainder when 23 is divided by w(-41)?
0
What is the remainder when 199 is divided by (178/(-11) - 106/(-583))*-2?
7
Let w be (15 - 2)/((-1)/(0 - 1)). Let g = 11 + w. Calculate the remainder when 165 is divided by g.
21
Let l(u) = -2*u**2 + 10*u - 1. Suppose 0 = -7*p + p + 24. Calculate the remainder when 9 is divided by l(p).
2
Let s be (2 + 0 - 5) + 5. Let a = 35 - 22. Calculate the remainder when (3/s)/((-8)/(-192)) is divided by a.
10
Suppose 2*o - 2 = -5*h, 5*o + 2*h - 30 = -4. What is the remainder when 243 is divided by o?
3
Let q(p) = 3*p**2 - 8*p. Let o = -24 - -34. Calculate the remainder when o is divided by q(3).
1
Suppose 11*o - 4*v = 7*o + 10416, -4*o + 3*v = -10413. What is the remainder when o is divided by 84?
81
Let q = 331 - 311. What is the remainder when 74 is divided by q?
14
Let w(u) = -5*u + 47. Calculate the remainder when 511 is divided by w(3).
31
Let z(h) = h**3 + 13*h**2 + 8*h - 9. Let m be z(-12). Let l = 97 - m. What is the remainder when l is divided by 16?
10
Suppose 4*m = 3*u + 33, -4*m + 2*u = 1 - 39. Let c = -267 - -165. Calculate the remainder when c/(-4)*4/3 is divided by m.
10
Suppose -8*r - 2 = -9*r - 2*y, 5*y - 1 = -2*r. Calculate the remainder when 33 is divided by r.
1
Suppose n = -3*n + 16. Let g(k) = 195*k - 191*k - 13 + n. Calculate the remainder when 33 is divided by g(4).
5
Let l = 45 + 0. Suppose -2*d + l + 21 = 0. What is the remainder when 97 is divided by d?
31
Let o(x) = 60*x**2 + 12*x + 11. What is the remainder when o(-1) is divided by 21?
17
Suppose 4*k + 16 = 4*g, 0 = -4*g - 6 + 2. What is the remainder when 77 is divided by 13/(5 - (-20)/k)?
12
Let m(j) = 16*j**2 - 1. Let a(u) = u + 8. Let v(o) = -o**2 + 8*o - 7. Let p be v(8). Let w be a(p). Calculate the remainder when m(w) is divided by 9.
6
Suppose -3*d - 4*z - 57 = 0, 0 = d - 5*z - 0*z. Let p = d - -20. Calculate the remainder when 11 is divided by p.
1
Let p be 406/(-105) - 4/30. What is the remainder when -6 + 17 + (p - 0) is divided by (4/3 + -1)*9?
1
Suppose -4077 - 16572 = -173*x + 4263. Let z(p) = 7*p + 7. Calculate the remainder when x is divided by z(6).
46
Calculate the remainder when 76 is divided by 172/7 + 160/(-280).
4
Suppose -243 = -4*w + a, -2*a - 187 = -3*w - 6*a. Let l = 46 - 13. Suppose 4*r - 2*z - 39 = 3*z, 3*z = 3*r - l. Calculate the remainder when w is divided by r.
13
Let h(x) = x**2 - 11*x + 1. Let n(p) = -p + 2. Let c be n(-10). Let q = -3 - -53. Calculate the remainder when q is divided by h(c).
11
Let k(j) = 3*j**3 - j**2 - 3*j + 2. Let z be k(2). Suppose 2*q - 3*h - h = z, 3*h = 0. What is the remainder when 12 is divided by q?
4
Let x(f) be the second derivative of f**5/20 + f**4/2 - 2*f**3/3 - 3*f**2/2 + 2*f. Calculate the remainder when 61 is divided by x(-6).
19
Let q = -163 - -173. Calculate the remainder when 21 is divided by q.
1
Let g(w) = -4*w**3 + w**2 + 17*w + 45. Let s = -28 + 91. What is the remainder when g(-4) is divided by s?
60
Suppose 2*h + 0*h + 8 = 0, 0 = -4*o - 4*h + 52. Let a = 40 - 85. Calculate the remainder when (-197)/(-3) - (-30)/a is divided by o.
14
Suppose 0 = -26*f + 2034 - 630. What is the remainder when f is divided by 9?
0
Let p be (3 - 6) + 102/(-3)*-1. Let j = 40 - p. Calculate the remainder when 26 is divided by j.
8
Let p = -15 + 36. Suppose -144 + 120 = -3*a. Calculate the remainder when p is divided by a.
5
Let b(s) = -45*s - 23. Let v be b(-7). Suppose -7*l = -3*l - v. What is the remainder when l is divided by 25?
23
Let q = 4 - 12. Let o = q - -16. Let n(l) = 20*l - 7. What is the remainder when n(o) is divided by 39?
36
Suppose 120*p = 119*p + 41. Calculate the remainder when 901 is divided by p.
40
Suppose -63 = -6*r - 3*r. Suppose -x + 3*x - 50 = 0. Calculate the remainder when x is divided by r.
4
Suppose -3*i = -5*n + 8*n - 213, 0 = i - 5*n - 65. Let h(j) = -j**3 - 2*j**2 - 2*j + 3. What is the remainder when i is divided by h(-3)?
16
Suppose -1921 = -27*f + 1265. What is the remainder when f is divided by 30?
28
Suppose 12*g - 5 = 11*g. Suppose 2*z + 3 = -3*c + 9, 0 = 3*c + 4*z. What is the remainder when g is divided by c?
1
Suppose 2*w = 0, c - 4*w - 11 = 3. Suppose 0 = -22*h + 20*h + c. Calculate the remainder when 9 is divided by h.
2
Let i = -96 - -95. What is the remainder when i/((-8)/42)*4 is divided by 11?
10
Let